ds digit of p?
7
What is the thousands digit of ((-32)/(-24))/(-1 - (-6976)/6972)?
2
Suppose 0 = -t + 2*t - 2. Let l(m) = -24*m + 144. Let y be l(6). Suppose 3*v = -5*u - y*v + 421, t*u - 160 = -4*v. What is the units digit of u?
6
Let d(k) = 3*k**3 - 9*k**2 - 6*k + 28. Let u be d(6). Suppose 15 = -j - 4*j, w = -j + u. What is the units digit of w?
9
Let k(m) = 329*m - 1675. What is the thousands digit of k(181)?
7
Suppose 14*h + 2*g = 10*h + 55812, 5*h + 5*g = 69770. What is the units digit of h?
2
Suppose 3*c + 2*r - 55 = 0, -1 = 3*r - 7. Let f(q) = q - c*q + 8*q. What is the units digit of f(-5)?
0
Suppose -2*c - 5*r = -235, 2*c - 125 = c - 4*r. What is the tens digit of c/70 + (-3094)/(-4)?
7
Let f be 83 + -3 + -5 + 6. Suppose 0 = q - f - 432. What is the units digit of q?
3
Let l be 3/((-4)/6*(-27)/24). Suppose 2*c - s = l*s + 324, c - 4*s - 168 = 0. What is the units digit of c?
2
Suppose 0 = -v - 5*w + 23749, -5448 - 41948 = -2*v + 7*w. What is the thousands digit of v?
3
Suppose -111*c - 8 = -115*c. What is the tens digit of (11 - 26/(-3))/(c/36)?
5
Let o(m) = m**3 + 9*m**2 - m - 15. Let w be o(-9). What is the tens digit of (-384)/80*20/w?
1
Let p(o) = 45*o**2 - 129*o - 1677. What is the units digit of p(-17)?
1
Suppose 68*g - 73*g = -5. Suppose -u + q - g = u, -5*q = -3*u - 5. Suppose 5*y - 1555 + 130 = u. What is the hundreds digit of y?
2
Suppose 11*f = 8587 + 88268. Suppose -5*o = -5*c + f, -83*c + 86*c - 5299 = -o. What is the units digit of c?
5
Let l(b) = -3*b**3 - 7*b**2 - 26*b + 287. What is the ten thousands digit of l(-23)?
3
Suppose 0 = -42*r + 396066 + 54106 - 48484. What is the thousands digit of r?
9
Let q = 43 - 35. Let m be (-967)/(-3) + ((-48)/(-9))/q. Suppose -4*c = 5*p - 176, -103 = 5*c + 3*p - m. What is the tens digit of c?
4
What is the thousands digit of 8/(-80)*(-1)/(4/233560)?
5
Let a(p) = 4*p**2 - 5*p - 4. Let i be a(3). Let l(j) = 9*j - 19. What is the hundreds digit of l(i)?
1
Let h(i) = -i. Let u be h(2). Let c be u/(-9) - 1/(27/(-75)). Suppose -c = p - 7. What is the units digit of p?
4
Let b(y) = 70*y**2 + 39*y + 25. What is the thousands digit of b(-15)?
5
Suppose -2*m = -5*i + 160939, 30*i - 64370 = 28*i - 2*m. What is the ten thousands digit of i?
3
Let j(v) = 132*v**2 - 217*v + 1792. What is the tens digit of j(8)?
0
Let x(j) = 3*j**2 - 40*j - 25. Let z be x(26). Let t = z - 614. What is the hundreds digit of t?
3
Let k be (-135)/60*(-88)/6. Let q = 375 - k. What is the tens digit of q?
4
Let n(h) = 1838*h**2 - 1137*h + 5669. What is the ten thousands digit of n(5)?
4
Suppose 2463 = 5*v + h, 70*v = 72*v + 5*h - 976. What is the tens digit of v?
9
Let o(p) = 15*p - 60. Let v be o(-5). Let w = v + 591. What is the hundreds digit of w?
4
Let p be -72*(2/4)/(7/(-14)). Let z = p - -75. What is the units digit of z?
7
Let c(q) = -6*q**3 - 4*q**2 + 14*q + 49. Let a be c(-3). What is the thousands digit of (a/(-14) - -9)*-2526?
1
Let d(y) = -116*y - 78*y - 51*y + 14*y - 79. What is the units digit of d(-3)?
4
Suppose 5*w = 32 - 7. Let a be -229*(4 - (w - 0)). Let l = 384 - a. What is the units digit of l?
5
Let z be ((-87)/261)/((-10)/6 - -2). What is the tens digit of z + 621/54 + 2/4?
1
Suppose -35958 = 37*v - 40*v. Let t be v/(-2) + (16 - 17). What is the units digit of 2/(-8) + t/(-72)?
3
Let t(h) = 6*h**2 - 22*h + 81. Suppose -a + 46 = 3*z, -5*z + 5*a = -0*a - 50. What is the hundreds digit of t(z)?
9
Let q(b) = 5*b - 17 - 754*b**2 + 374*b**2 + 387*b**2 + 14*b. What is the units digit of q(-18)?
9
Suppose 2*i - 4717 = -959. What is the units digit of i?
9
Suppose 2*q - 12 = -2*q. Suppose -8*t - 38 = -27*t. Suppose t*k + q*i - 330 = -3*k, -3*i = -5*k + 360. What is the units digit of k?
9
Suppose -2*n + 54006 = j, -154*n + 156*n + 216004 = 4*j. What is the hundreds digit of j?
0
Suppose 139*g - 141*g + 111210 = -2*f, -5*g - 5*f = -278065. What is the thousands digit of g?
5
Let c(r) = -2*r**2 - r + 154. Let h(s) = -s**2 - 3*s + 4. Let t be (12*1)/(-2) + 1 + 1. Let x be h(t). What is the tens digit of c(x)?
5
Let i(d) = 30*d**3 + 2*d**2 - 42*d + 414. What is the units digit of i(9)?
8
Suppose -7*o + 2*o = 3*t - 43, 49 = 4*t + 5*o. Suppose 0 = -3*i + 15 - t. Suppose -5*x - 10 = 0, n - i*x = -8*x + 103. What is the units digit of n?
3
Let p(d) = -4*d**2 + d - 2. Let t be p(1). Let v be ((-6)/9)/((t/105)/(-1)). What is the hundreds digit of v*62*(-2)/8?
2
What is the tens digit of ((-342)/95)/(1/(-465))?
7
What is the units digit of 9*(-5592)/(-10)*380/342?
2
Suppose 4*z - 2*b - 14 = 6, 5*z - 5*b - 20 = 0. Suppose -3*v = j - 883, 2*j - z*j = -16. What is the hundreds digit of v?
2
Let c = -3599 - -6802. What is the tens digit of c?
0
Let k(b) = -51*b + 174. Let a be k(6). What is the hundreds digit of (a/(-8))/(15/220)?
2
What is the hundreds digit of (13 + 0)*(3957 - 152)?
4
Let u(f) = -6*f + 4739. What is the tens digit of u(0)?
3
Let m = 41 + -39. Suppose 0*v - 5*v + 5 = 0. Suppose -4*h - h = -3*o - 57, h + m*o - v = 0. What is the units digit of h?
9
Let i(a) be the third derivative of a**6/60 - 3*a**5/20 + a**4/24 + a**3 + 2*a**2. Suppose 0 = -10*u - 159 + 219. What is the units digit of i(u)?
0
Let m = -655 - -3844. What is the tens digit of m?
8
What is the units digit of 5120/(-480)*-3*1109?
8
Suppose -3*h + 0 = 3, -3*q - 63 = -3*h. Let t = q - -158. What is the hundreds digit of t?
1
Let y(g) = 87*g**3 + 3*g**2 - 36*g + 48. What is the thousands digit of y(7)?
9
Suppose 11*a = 16*a - 20. Suppose -a*n + 786 = 3*m, -4*n = -3*n. What is the units digit of m?
2
Suppose -4*r - 3*b + 245 = 0, -2*r + 3*r + 2*b - 65 = 0. Let a(d) = d**2 - 29*d - 29. Let s be a(32). Suppose -r = -2*x + s. What is the units digit of x?
3
Suppose -15*x = -16*x + 3*g + 7955, 2*x - 15916 = 3*g. What is the tens digit of x?
6
Suppose -10*s = -472739 + 101989. What is the thousands digit of s?
7
Suppose 9*h = -0*h + 27. Suppose -3*t = -3, -h*d - t = -0*t - 13. Suppose -2*k + 0*k - d*m = -26, 3*k - 64 = -m. What is the tens digit of k?
2
Suppose 147 = 2*v - t, 5*t - 301 = -0*v - 4*v. Let w = v - 40. Let j = 74 - w. What is the tens digit of j?
4
Let k be -3*4/(-6) - -16. Suppose 23*f - k*f = 0. Suppose -1 = -3*w + 8, f = 3*s + 2*w - 264. What is the tens digit of s?
8
Let f = -203 + 195. Let r(h) = -147*h + 72. What is the hundreds digit of r(f)?
2
Let s(u) = 5*u**2 - 7*u + 115. What is the units digit of s(13)?
9
Let j be (-2 - 3)*(-327)/5. Let v(z) = 4*z + 22. Let t be v(-5). What is the tens digit of t/(-11) - j/(-33)*9?
8
Let i(x) = 2*x**3 - 8*x**2 + 47*x + 94. What is the hundreds digit of i(12)?
9
Let l(g) = 4*g**2 + 5*g + 10. What is the hundreds digit of l(-6)?
1
Let d(r) = -34*r**3 + 2*r**2 - 2. Let x be ((-10)/2)/((-40)/32). Let z be (18/x)/(-9)*4. What is the tens digit of d(z)?
7
Let x = -19677 - -40795. What is the hundreds digit of x?
1
Let b = 206 - 208. What is the units digit of 233 + b + -6*1/(-2)?
4
Let s = 5979 - 4157. Let b = -1139 + s. What is the tens digit of b?
8
What is the hundreds digit of (39666/18)/(7/42)?
2
Suppose -5*i + 44 = 6*i. Suppose d - 3*t = -i*d + 853, -3*d - 4*t = -506. What is the hundreds digit of d?
1
Let q(l) = 4*l**2 - 5*l - 4. Let t(j) = -9*j**2 + 9*j + 7. Let b(y) = 5*q(y) + 3*t(y). Let p be b(2). Let h(n) = -6*n + 3. What is the tens digit of h(p)?
4
Suppose 5*p - 53*o + 54*o - 104514 = 0, -3*p + 62713 = -4*o. What is the thousands digit of p?
0
Suppose o = 2*i - 11, -5*i + 0*i - 5*o = -5. Let n(z) = -19 - 29 + 55 + 29*z. What is the hundreds digit of n(i)?
1
Let r = -53 + 44. Let x(b) = 26 - 3*b - b - 3*b + 4*b. What is the tens digit of x(r)?
5
Suppose 5154 = 4*s + 6*k - 4*k, 2*s + 3*k - 2567 = 0. Suppose -3*o - 3*d + 2817 = 0, 0 = 2*o + 4*d - 3165 + s. What is the tens digit of o?
4
Let v(g) be the first derivative of g**4/8 - 5*g**3/2 - 11*g**2/2 - 15. Let b(z) be the second derivative of v(z). What is the tens digit of b(9)?
1
Let q(z) = -378*z**3 + 3*z**2 - 9*z - 18. What is the tens digit of q(-4)?
5
Let h(n) = -9*n + 125. Let g be h(14). What is the units digit of 249/(-332) + g + 707/4?
5
Let q(t) = -56082*t + 829. What is the thousands digit of q(-1)?
6
What is the ten thousands digit of 157/((-3)/312*-1) + 2?
1
Let h be (-21)/4*36112/(-111). Suppose -8*v = -12*v + h.